or of i and g?
18
Let b = -1 + 11. Suppose 3*d - 18 = 54. Let u = d - b. Calculate the highest common factor of 112 and u.
14
Let k = -29 + 18. Let p = -4 - k. What is the greatest common factor of p and 14?
7
Let p(v) = v**3 + 5*v**2 - 6*v + 4. Let n be p(-6). Suppose 0*z + n*z = 220. Calculate the highest common divisor of z and 22.
11
Suppose 4*y = 7*y. Suppose -3*h = -y*h - 120. Calculate the highest common factor of 100 and h.
20
Let a be 28*(2/4 + 0). Suppose 0 = -5*w + x + 73, -5*x - 43 = -w - w. What is the highest common divisor of a and w?
14
Let c(t) = -t**2 - 9*t - 3. Let z be c(-9). Let u be ((-9)/z - 2) + 5. Calculate the highest common factor of u and 15.
3
Let y(k) = -11*k + 2. Let o be y(-5). Calculate the highest common factor of o and 19.
19
Let j be -24*(-7)/(105/10). What is the highest common factor of j and 16?
16
Suppose -36*h + 25*h = -66. Calculate the greatest common factor of h and 6.
6
Suppose -1 + 5 = o. Suppose 5*g - o = g. Suppose 0*n + 2*n + 22 = 2*f, 3*n + 47 = 5*f. Calculate the greatest common factor of g and f.
1
Suppose -1050 = -17*d + 10*d. Calculate the greatest common factor of 15 and d.
15
Let x be (-4)/(-10) + 113/5. Let p = x + -55. Let s be p*(2/1 - 4). What is the highest common factor of s and 8?
8
Let m = 0 - -5. Let b(k) = k**3 - 7*k**2 + 6*k. Let n be b(6). Let w be 1 + (0 - (-39 - n)). What is the greatest common factor of m and w?
5
Suppose 3*b - 30 - 33 = 0. Let c = -14 + 1. Let l = c + b. Calculate the highest common factor of 64 and l.
8
Let z(a) = a**3 + 7*a**2 + 8*a - 4. Let y be z(-5). What is the greatest common divisor of 15 and y?
3
Let t = 60 - 55. Calculate the greatest common factor of t and 50.
5
Let h(g) = 13*g - 3. Let y be h(4). Let v(k) = k + 16. Let d be v(-9). Calculate the highest common factor of d and y.
7
Let g = -1 - -37. What is the greatest common divisor of 12 and g?
12
Let o be (2 - 2 - -30) + 0. What is the highest common factor of o and 5?
5
Let j(m) = 2*m - 9. Let l be j(-7). Let d be 7/(3 - l/(-8)). What is the highest common divisor of 8 and d?
8
Let t(u) = -10*u + 6. Let r be t(4). Let k = 54 + r. Let p(x) = x**3 + 2*x**2 - 3*x. Let y be p(2). What is the greatest common divisor of k and y?
10
Suppose -4*s = 4*r - 96, -r - 2*r = -2*s + 28. What is the greatest common divisor of s and 10?
10
Let j(r) = r**3 - 10*r**2 + 10*r - 5. Let a be j(9). Suppose a*u = u + 4*h + 17, 4*h = 16. Calculate the greatest common factor of u and 55.
11
Let b be (-1)/(2 - (-21)/(-9)). Suppose -3*l = b*j - 64 - 11, -5*j + 20 = 0. Let c be 506/8 - 7/28. What is the highest common divisor of l and c?
21
Let s = 64 + -20. Let z(l) = l**3 + 8*l**2 + 5*l - 9. Let w be z(-7). Suppose w*a - 14 - 41 = 0. Calculate the highest common divisor of s and a.
11
Let r be 6/1*1/2. Suppose -r*u = u - 24. Suppose 16*h + 2*h - 432 = 0. What is the greatest common divisor of u and h?
6
Let p(a) = a**2 - 6*a + 4. Let x be p(7). Suppose 11 = -3*r - 7. Let n(l) = l**2 + 3*l + 4. Let f be n(r). Calculate the highest common factor of x and f.
11
Suppose 5*k - 4*r - 69 + 9 = 0, 0 = -5*k - 4*r + 60. Let m = -5 + 7. Let l(n) = 14*n**2 + n + 2. Let u be l(m). Calculate the greatest common factor of k and u.
12
Let g(o) = -9*o**3 + o**2 - o - 1. Let f be g(-1). Calculate the greatest common divisor of f and 130.
10
Let g = 60 + -55. Calculate the greatest common factor of g and 45.
5
Let h be 3/(-9) + 50/6. Calculate the highest common divisor of h and 32.
8
Let s = 2 + 0. Suppose s*n + 47 = f, 3*f + 3*n = 2*n + 134. What is the highest common factor of f and 18?
9
Let h(m) be the first derivative of -7*m**2/2 - 8*m - 2. Let x be h(-9). What is the highest common divisor of 5 and x?
5
Let l be (0 - (-2 - 0)) + 3. Calculate the highest common factor of 1 and l.
1
Suppose -4*z + z = -3. Suppose n - 5 = -z. What is the highest common factor of 36 and n?
4
Suppose 5*t - 57 = 2*t - 5*n, 5*t - n = 67. Suppose 56 = 5*j - j. What is the greatest common factor of t and j?
14
Let o be (-385)/28*(-3 - 1). What is the greatest common factor of 11 and o?
11
Suppose 4*t = 2*h - 32, 0 = h + 2*h + 4*t - 58. Suppose 4*c - 4*q = -60, -5*c - 50 = -c - 2*q. Let j = 55 + c. What is the highest common divisor of j and h?
9
Let k(m) = m + 54. Let g be k(0). Let a = 119 - g. Let v be (-2)/(-4) + (-25)/(-2). What is the greatest common factor of a and v?
13
Let u be ((-11)/(-1 - 0))/1. What is the greatest common divisor of u and 22?
11
Let o(g) = -g + 4. Let m be o(0). Let f be 7/((-1)/(m*-4)). What is the highest common factor of f and 14?
14
Suppose 0 = k + k + 4*m + 6, -3*k + 7 = 2*m. Let x be (-1 + 61)*(-5)/(-15). What is the greatest common factor of k and x?
5
Let i(x) = x**2 + 8*x - 8. Let d be i(-9). Let f = d + 1. Let t be f*-1*(-84)/8. Calculate the highest common divisor of t and 3.
3
Let z be (-10 - -9) + 18/2. What is the highest common factor of z and 20?
4
Let u(y) = -9*y - 1. Let r be u(-2). Calculate the greatest common divisor of 68 and r.
17
Let d = 11 + 7. Calculate the highest common factor of d and 2.
2
Suppose -71*m - 10 = -73*m. Let r(y) = 9*y - 1. Let s be r(4). What is the greatest common factor of m and s?
5
Suppose -2*r = -0*r - 176. Calculate the greatest common factor of 11 and r.
11
Let b = -14 + 19. What is the highest common factor of b and 20?
5
Let f be -5 - -6 - 1/(-1). Let t be 4/(-8)*-1*6. What is the highest common factor of t and f?
1
Let f = 1 - -5. Let s be -2 - (0 + -1 + -4). Calculate the greatest common factor of f and s.
3
Let h be (-32)/80 + (-14)/(-10). What is the greatest common divisor of h and 4?
1
Suppose 5*a = 2 + 8. Suppose -a*t - 1 = -23. Suppose 2*v + 474 = 8*z - 4*z, 4*v = -z + 141. Calculate the greatest common factor of t and z.
11
Let l be 7/(-84)*-4 + 4/6. Calculate the greatest common divisor of 2 and l.
1
Suppose 2*f - 54 = -2*i - 0*f, -2*f + 30 = i. Suppose 3*l = 3*b - i, 2*b = -6*l + l + 16. Let k = 4 - 0. Calculate the highest common divisor of k and b.
4
Let z be (48/1)/3 - -4. Let w = -106 + 56. Let b be w*(2 - (-1 - -5)). Calculate the highest common factor of b and z.
20
Let o be 2/6 + 4/6. Let x be (-5)/(o - 4/2). Calculate the highest common factor of 45 and x.
5
Let v(m) = m - 6. Let q be v(7). Suppose -b = -q, 33 = d + 3*d - 3*b. Calculate the highest common factor of d and 3.
3
Let j(q) = -16*q + 4. Let o be j(-6). Let p(b) = -5*b. Let t be p(-4). Calculate the greatest common factor of t and o.
20
Suppose 35 = -2*s + 7*s. Calculate the highest common divisor of 21 and s.
7
Suppose -2*p - 3*p = -10. Suppose 2*k - 3*m - 276 = 0, 4*k - p*m - 652 + 108 = 0. What is the greatest common factor of 15 and k?
15
Let h(t) = 6*t**2 - 3*t + 3. Suppose -2 = 5*w + 13. Let q be h(w). What is the greatest common divisor of q and 6?
6
Suppose -5 = -d - 0. Let n = 64 + -44. What is the highest common divisor of d and n?
5
Let a be 28/20 + (-4)/10. Let h be -2 + a*10 - 1. Let g = 124 - 61. Calculate the greatest common divisor of h and g.
7
Let x be 318/8 + (-2)/(-8). Suppose x = 2*z + 3*z. Let p be 1/((-1)/(-14)) + 2. Calculate the highest common divisor of p and z.
8
Suppose -4*o - 1 = 3. Let u be (-306)/(-4) - o/2. Calculate the highest common divisor of u and 11.
11
Let i be 1 + (-3)/(-1) - 0. What is the highest common divisor of i and 6?
2
Let q(z) = 2*z + 7*z**2 - z**3 + 3 + 0*z - z. Let p be q(7). Calculate the greatest common divisor of p and 15.
5
Suppose 92 = b + c, -3*b + 4*c + 269 = -0*c. What is the highest common divisor of 13 and b?
13
Suppose q = 2*c, -c - 2*q + 15 - 5 = 0. Suppose -3*z = b - 9, 0*b = -c*b - 3*z + 15. What is the greatest common divisor of b and 4?
2
Let p be 7 - 0*(-1)/(-1). Suppose 3*z = p + 11. Calculate the greatest common factor of 15 and z.
3
Let t = 0 + 11. Calculate the highest common divisor of t and 99.
11
Let m(v) = -208*v - 10. Let j be m(-1). Calculate the highest common factor of 18 and j.
18
Let u(z) = -z**3 - 5*z**2 + 2*z + 7. Let a be u(-5). Let v = -7 - a. Let w be 8/3*(-72)/v. What is the highest common factor of 6 and w?
6
Let q = -23 - -35. Calculate the greatest common divisor of q and 132.
12
Let u(j) = j**3 - 4*j**2 - 3*j**3 - 2 + j**3 - 7*j + 2*j. Let v be u(-4). Calculate the highest common divisor of 2 and v.
2
L